{"id":1573,"date":"2023-01-12T15:02:37","date_gmt":"2023-01-12T15:02:37","guid":{"rendered":"https:\/\/old-dynabrain.cnc.uc.pt\/?page_id=1573"},"modified":"2024-06-18T17:50:40","modified_gmt":"2024-06-18T17:50:40","slug":"outreach-2","status":"publish","type":"page","link":"https:\/\/old-dynabrain.cnc.uc.pt\/?page_id=1573","title":{"rendered":"OUTREACH"},"content":{"rendered":"\n<div class=\"wp-block-image\"><figure class=\"alignright size-full is-resized\"><img loading=\"lazy\" src=\"https:\/\/old-dynabrain.cnc.uc.pt\/wp-content\/uploads\/2024\/06\/Logotipo-Neurocurios@.png\" alt=\"\" class=\"wp-image-2445\" width=\"400\" height=\"350\"\/><\/figure><\/div>\n\n\n\n<div style=\"height:1px\" aria-hidden=\"true\" class=\"wp-block-spacer\"><\/div>\n\n\n\n<p class=\"has-text-align-right has-luminous-vivid-amber-color has-text-color\" style=\"font-size:24px;font-style:normal;font-weight:700\"><strong>What would you like to know about the brain?<\/strong><\/p>\n\n\n\n<p class=\"has-text-align-right has-medium-font-size\" style=\"font-style:normal;font-weight:300\"><strong>Past session:<\/strong> June 5th at UC-Biotech <\/p>\n\n\n\n<p class=\"has-text-align-right\" style=\"font-size:18px\">a SciComm project aimed at developing a graphic novel on the Challenges on Brain Research <\/p>\n\n\n\n<p class=\"has-text-align-right\" style=\"font-size:18px\">by DYNABrain Team members together with CNC&#8217;s SciComm team Sara Amaral and Rita F\u00e9lix, in collaboration with Escola B\u00e1sica Marqu\u00eas de Marialva <\/p>\n\n\n\n<figure class=\"wp-block-gallery has-nested-images columns-default is-cropped\">\n<figure class=\"wp-block-image size-full\"><img loading=\"lazy\" width=\"1304\" height=\"1738\" data-id=\"2480\"  src=\"https:\/\/old-dynabrain.cnc.uc.pt\/wp-content\/uploads\/2024\/06\/Captura-de-ecra-2024-06-18-as-18.50.24.png\" alt=\"\" class=\"wp-image-2480\"\/><\/figure>\n\n\n\n<figure class=\"wp-block-image size-full\"><img loading=\"lazy\" width=\"2976\" height=\"1984\" data-id=\"2463\"  src=\"https:\/\/old-dynabrain.cnc.uc.pt\/wp-content\/uploads\/2024\/06\/IMG_5295-1.jpg\" alt=\"\" class=\"wp-image-2463\"\/><\/figure>\n\n\n\n<figure class=\"wp-block-image size-full\"><img loading=\"lazy\" width=\"1304\" height=\"1738\" data-id=\"2479\"  src=\"https:\/\/old-dynabrain.cnc.uc.pt\/wp-content\/uploads\/2024\/06\/Captura-de-ecra-2024-06-18-as-18.49.24.png\" alt=\"\" class=\"wp-image-2479\"\/><\/figure>\n\n\n\n<figure class=\"wp-block-image size-full\"><img loading=\"lazy\" width=\"1304\" height=\"1738\" data-id=\"2475\"  src=\"https:\/\/old-dynabrain.cnc.uc.pt\/wp-content\/uploads\/2024\/06\/Captura-de-ecra-2024-06-18-as-18.47.30.png\" alt=\"\" class=\"wp-image-2475\"\/><\/figure>\n\n\n\n<figure class=\"wp-block-image size-full\"><img loading=\"lazy\" width=\"1304\" height=\"1738\" data-id=\"2477\"  src=\"https:\/\/old-dynabrain.cnc.uc.pt\/wp-content\/uploads\/2024\/06\/Captura-de-ecra-2024-06-18-as-18.48.45.png\" alt=\"\" class=\"wp-image-2477\"\/><\/figure>\n<\/figure>\n\n\n\n<figure class=\"wp-block-image size-full is-resized\"><img loading=\"lazy\" src=\"https:\/\/old-dynabrain.cnc.uc.pt\/wp-content\/uploads\/2023\/01\/Past-events-1.png\" alt=\"\" class=\"wp-image-1603\" width=\"251\" height=\"124\"\/><\/figure>\n\n\n\n<div class=\"wp-block-columns\">\n<div class=\"wp-block-column\" style=\"flex-basis:33.33%\">\n<p class=\"has-medium-font-size\"><strong><strong>NEUROCURIOS@S<\/strong>:<br><strong>What would you like to know about the brain?<\/strong><\/strong><\/p>\n\n\n\n<p class=\"has-text-align-left has-medium-font-size\">On April 10th (2024), the second session of Neurocurios@s took place at Marqu\u00eas de Marialva Middle School in Cantanhede. &#8220;How are our brains formed? Why do we feel pain, cold or hot? Does the brain change its size when we grow up?&#8221; were some of the questions the class of 10-years old kids asked to our researchers. Great discussions and a great launch for the next session!<\/p>\n\n\n\n<p class=\"has-medium-font-size\"> <\/p>\n<\/div>\n\n\n\n<div class=\"wp-block-column is-vertically-aligned-center\" style=\"flex-basis:66.66%\">\n<figure class=\"wp-block-gallery has-nested-images columns-default is-cropped\">\n<figure class=\"wp-block-image size-full\"><img loading=\"lazy\" width=\"940\" height=\"1020\" src=\"https:\/\/old-dynabrain.cnc.uc.pt\/wp-content\/uploads\/2024\/04\/Captura-de-ecra-2024-04-29-as-12.19.44.png\" alt=\"\" class=\"wp-image-2387\"\/><\/figure>\n\n\n\n<figure class=\"wp-block-image size-full\"><img loading=\"lazy\" width=\"1024\" height=\"848\" src=\"https:\/\/old-dynabrain.cnc.uc.pt\/wp-content\/uploads\/2024\/04\/Captura-de-ecra-2024-04-29-as-12.21.47.png\" alt=\"\" class=\"wp-image-2389\"\/><\/figure>\n<\/figure>\n<\/div>\n<\/div>\n\n\n\n<div class=\"wp-block-columns\">\n<div class=\"wp-block-column\" style=\"flex-basis:33.33%\">\n<p class=\"has-medium-font-size\"><strong><strong>NEUROCURIOS@S<\/strong>:<br><strong>What would you like to know about the brain?<\/strong><\/strong><\/p>\n\n\n\n<p class=\"has-medium-font-size\">On March 20th (2024), integrated in the Brain Awareness Week, Cristina M\u00e1rquez, together with CNC&#8217;s SciComm team Sara Amaral and Rita F\u00e9lix, joined  Marqu\u00eas de Marialva Middle School in Cantanhede, where they introduced the misteries of the brain to a class of 10-years old kids. This was the first of three sessions.<\/p>\n\n\n\n<p class=\"has-medium-font-size\"> <\/p>\n<\/div>\n\n\n\n<div class=\"wp-block-column\" style=\"flex-basis:66.66%\">\n<figure class=\"wp-block-gallery has-nested-images columns-default is-cropped\">\n<figure class=\"wp-block-image size-large\"><img loading=\"lazy\" width=\"900\" height=\"1600\" src=\"https:\/\/old-dynabrain.cnc.uc.pt\/wp-content\/uploads\/2024\/03\/WhatsApp-Image-2024-03-20-at-11.59.22.jpeg\" alt=\"\" class=\"wp-image-2329\"\/><\/figure>\n\n\n\n<figure class=\"wp-block-image size-large\"><img loading=\"lazy\" width=\"900\" height=\"1600\" src=\"https:\/\/old-dynabrain.cnc.uc.pt\/wp-content\/uploads\/2024\/03\/WhatsApp-Image-2024-03-20-at-11.59.14.jpeg\" alt=\"\" class=\"wp-image-2330\"\/><\/figure>\n<\/figure>\n<\/div>\n<\/div>\n\n\n\n<hr class=\"wp-block-separator\"\/>\n\n\n\n<div style=\"height:27px\" aria-hidden=\"true\" class=\"wp-block-spacer\"><\/div>\n\n\n\n<div class=\"wp-block-columns\">\n<div class=\"wp-block-column\" style=\"flex-basis:75%\">\n<div style=\"height:68px\" aria-hidden=\"true\" class=\"wp-block-spacer\"><\/div>\n\n\n\n<figure class=\"wp-block-gallery has-nested-images columns-default is-cropped\">\n<figure class=\"wp-block-image size-large\"><img loading=\"lazy\" width=\"917\" height=\"480\" src=\"https:\/\/old-dynabrain.cnc.uc.pt\/wp-content\/uploads\/2024\/02\/428606242_797720225722909_4430167392556152217_n.jpg\" alt=\"\" class=\"wp-image-2224\"\/><\/figure>\n<\/figure>\n<\/div>\n\n\n\n<div class=\"wp-block-column\" style=\"flex-basis:33.33%\">\n<p class=\"has-medium-font-size\"><strong>THE BRAIN MAZE<\/strong><\/p>\n\n\n\n<p class=\"has-medium-font-size\">On February 20th (2024), B\u00e1rbara Canijo, together with fellow CNC researcher Tiago Reis, participated in the event &#8220;Meet the Scientists&#8221; at UC-Explorat\u00f3rio in Coimbra where, through games and drawings, they helped children aged 3 to 5 explore the five senses and their emotions.    <\/p>\n<\/div>\n<\/div>\n\n\n\n<hr class=\"wp-block-separator\"\/>\n\n\n\n<div style=\"height:27px\" aria-hidden=\"true\" class=\"wp-block-spacer\"><\/div>\n\n\n\n<div class=\"wp-block-columns\">\n<div class=\"wp-block-column\" style=\"flex-basis:33.33%\">\n<p class=\"has-medium-font-size\"><strong>EUROPEAN RESEARCHERS&#8217; NIGHT 2023<\/strong><\/p>\n\n\n\n<div style=\"height:69px\" aria-hidden=\"true\" class=\"wp-block-spacer\"><\/div>\n\n\n\n<p class=\"has-medium-font-size\">On September 29th (2023), DYNABrain team joined the European Researchers&#8217; Night yearly event, held in Coimbra downtown. We had activities for children and adults including a Brain Escape Room and a LEGO-scope and much more.<\/p>\n\n\n\n<p class=\"has-medium-font-size\"> <\/p>\n<\/div>\n\n\n\n<div class=\"wp-block-column\" style=\"flex-basis:66.66%\">\n<figure class=\"wp-block-gallery has-nested-images columns-default is-cropped\">\n<figure class=\"wp-block-image size-large\"><img loading=\"lazy\" width=\"2048\" height=\"1365\" src=\"https:\/\/old-dynabrain.cnc.uc.pt\/wp-content\/uploads\/2023\/10\/382697831_1038335197583212_3420481206508796076_n.jpg\" alt=\"\" class=\"wp-image-2040\"\/><\/figure>\n\n\n\n<figure class=\"wp-block-image size-large\"><img loading=\"lazy\" width=\"680\" height=\"383\" src=\"https:\/\/old-dynabrain.cnc.uc.pt\/wp-content\/uploads\/2023\/10\/F7NddTvWsAA4CC_.jpg\" alt=\"\" class=\"wp-image-2038\"\/><\/figure>\n\n\n\n<figure class=\"wp-block-image size-large\"><img loading=\"lazy\" width=\"2048\" height=\"1127\" src=\"https:\/\/old-dynabrain.cnc.uc.pt\/wp-content\/uploads\/2023\/10\/378386896_1038336837583048_4601521271270375302_n.jpg\" alt=\"\" class=\"wp-image-2037\"\/><\/figure>\n\n\n\n<figure class=\"wp-block-image size-large\"><img loading=\"lazy\" width=\"2048\" height=\"1365\" src=\"https:\/\/old-dynabrain.cnc.uc.pt\/wp-content\/uploads\/2023\/10\/382973838_1038335114249887_3201391798585455232_n.jpg\" alt=\"\" class=\"wp-image-2039\"\/><\/figure>\n<\/figure>\n<\/div>\n<\/div>\n\n\n\n<hr class=\"wp-block-separator\"\/>\n\n\n\n<div style=\"height:27px\" aria-hidden=\"true\" class=\"wp-block-spacer\"><\/div>\n\n\n\n<div class=\"wp-block-columns\">\n<div class=\"wp-block-column\" style=\"flex-basis:75%\">\n<figure class=\"wp-block-gallery has-nested-images columns-default is-cropped\">\n<figure class=\"wp-block-image size-large\"><img loading=\"lazy\" width=\"1632\" height=\"1224\" src=\"https:\/\/old-dynabrain.cnc.uc.pt\/wp-content\/uploads\/2023\/05\/IMG_20230518_141308_resized_20230524_104606011.jpg\" alt=\"\" class=\"wp-image-1851\"\/><\/figure>\n\n\n\n<figure class=\"wp-block-image size-large\"><img loading=\"lazy\" width=\"1536\" height=\"2048\" src=\"https:\/\/old-dynabrain.cnc.uc.pt\/wp-content\/uploads\/2023\/05\/349050683_550958767113521_6333180123652420118_n.jpg\" alt=\"\" class=\"wp-image-1841\"\/><\/figure>\n\n\n\n<figure class=\"wp-block-image size-large\"><img loading=\"lazy\" width=\"1632\" height=\"1224\" src=\"https:\/\/old-dynabrain.cnc.uc.pt\/wp-content\/uploads\/2023\/05\/IMG_20230518_142543_resized_20230524_104605553.jpg\" alt=\"\" class=\"wp-image-1850\"\/><\/figure>\n\n\n\n<figure class=\"wp-block-image size-large\"><img loading=\"lazy\" width=\"2038\" height=\"770\" src=\"https:\/\/old-dynabrain.cnc.uc.pt\/wp-content\/uploads\/2023\/05\/348709653_628952205497996_7082312661819161424_n_edited.jpg\" alt=\"\" class=\"wp-image-1843\"\/><\/figure>\n<\/figure>\n<\/div>\n\n\n\n<div class=\"wp-block-column\" style=\"flex-basis:33.33%\">\n<p class=\"has-medium-font-size\"><strong>BRAIN REGIONS AND FUNCTION EXPLAINED TO CHILDREN<\/strong><\/p>\n\n\n\n<div style=\"height:10px\" aria-hidden=\"true\" class=\"wp-block-spacer\"><\/div>\n\n\n\n<p class=\"has-medium-font-size\">On May 18th (2023), B\u00e1rbara Canijo, together with fellow CNC researcher Carolina Lebre, led an activity at R\u00f3mulo Centro de Ci\u00eancia Viva &#8211; Coimbra, where they explained to primary school children the different brain regions and their functions through a memory game.   <\/p>\n<\/div>\n<\/div>\n\n\n\n<hr class=\"wp-block-separator\"\/>\n\n\n\n<div style=\"height:27px\" aria-hidden=\"true\" class=\"wp-block-spacer\"><\/div>\n\n\n\n<div class=\"wp-block-columns\">\n<div class=\"wp-block-column\" style=\"flex-basis:33.33%\">\n<p class=\"has-medium-font-size\"><strong>INTERNATIONAL DAY FOR WOMEN AND GIRLS IN SCIENCE<\/strong><\/p>\n\n\n\n<div style=\"height:19px\" aria-hidden=\"true\" class=\"wp-block-spacer\"><\/div>\n\n\n\n<p class=\"has-medium-font-size\">On February 10th (2023), Cristina M\u00e1rquez celebrated the International Day for Woman and Girls in Science with activities for children and teenagers at the Instituto Espanhol de Lisboa &#8221; Giner de los Rios&#8221;.<\/p>\n\n\n\n<p><\/p>\n<\/div>\n\n\n\n<div class=\"wp-block-column\" style=\"flex-basis:66.66%\">\n<figure class=\"wp-block-gallery has-nested-images columns-2 is-cropped\">\n<figure class=\"wp-block-image size-large\"><img loading=\"lazy\" width=\"1600\" height=\"1200\" src=\"https:\/\/old-dynabrain.cnc.uc.pt\/wp-content\/uploads\/2023\/02\/WhatsApp-Image-2023-02-10-at-12.27.41-2.jpeg\" alt=\"\" class=\"wp-image-1692\"\/><\/figure>\n\n\n\n<figure class=\"wp-block-image size-large\"><img loading=\"lazy\" width=\"1600\" height=\"1200\" src=\"https:\/\/old-dynabrain.cnc.uc.pt\/wp-content\/uploads\/2023\/02\/WhatsApp-Image-2023-02-10-at-12.27.40-1.jpeg\" alt=\"\" class=\"wp-image-1690\"\/><\/figure>\n\n\n\n<figure class=\"wp-block-image size-large\"><img loading=\"lazy\" width=\"1600\" height=\"1200\" src=\"https:\/\/old-dynabrain.cnc.uc.pt\/wp-content\/uploads\/2023\/02\/WhatsApp-Image-2023-02-10-at-10.19.451.jpeg\" alt=\"\" class=\"wp-image-1689\"\/><\/figure>\n\n\n\n<figure class=\"wp-block-image size-large\"><img loading=\"lazy\" width=\"740\" height=\"435\" src=\"https:\/\/old-dynabrain.cnc.uc.pt\/wp-content\/uploads\/2023\/02\/Untitled.png\" alt=\"\" class=\"wp-image-1688\"\/><\/figure>\n<\/figure>\n<\/div>\n<\/div>\n\n\n\n<hr class=\"wp-block-separator\"\/>\n\n\n\n<div style=\"height:27px\" aria-hidden=\"true\" class=\"wp-block-spacer\"><\/div>\n\n\n\n<p class=\"has-medium-font-size\"><strong> THE SOCIAL BRAIN: BETTER ALONE THAN IN BAD COMPANY?<\/strong><\/p>\n\n\n\n<div class=\"wp-block-image\"><figure class=\"alignleft size-full is-resized\"><img loading=\"lazy\" src=\"https:\/\/old-dynabrain.cnc.uc.pt\/wp-content\/uploads\/2023\/01\/Imagem3-2.png\" alt=\"\" class=\"wp-image-1607\" width=\"363\" height=\"298\"\/><\/figure><\/div>\n\n\n\n<p class=\"has-text-align-right has-medium-font-size\"><br><strong>Public seminar<\/strong> <strong>by C<\/strong>r<strong>istina M\u00e1rquez<\/strong><\/p>\n\n\n\n<p class=\"has-text-align-right has-medium-font-size\">February 9th , 17h00<br>Students HUB &#8211; Auditorium 2, FMUC (Polo I)<\/p>\n\n\n\n<p class=\"has-text-align-right\"><strong>For ALL PUBLICS<\/strong><\/p>\n\n\n\n<p class=\"has-text-align-right\">Download poster <a href=\"https:\/\/old-dynabrain.cnc.uc.pt\/wp-content\/uploads\/2023\/01\/Open-Seminar_The-Social-Brain_CM.png\" target=\"_blank\" rel=\"noreferrer noopener\">here<\/a>.<\/p>\n\n\n\n<div style=\"height:1px\" aria-hidden=\"true\" class=\"wp-block-spacer\"><\/div>\n\n\n\n<figure class=\"wp-block-gallery has-nested-images columns-3 is-cropped\">\n<figure class=\"wp-block-image size-large\"><img loading=\"lazy\" width=\"6000\" height=\"4000\" data-id=\"1663\"  src=\"https:\/\/old-dynabrain.cnc.uc.pt\/wp-content\/uploads\/2023\/02\/DSC_7476.jpg\" alt=\"\" class=\"wp-image-1663\"\/><\/figure>\n\n\n\n<figure class=\"wp-block-image size-large\"><img loading=\"lazy\" width=\"6000\" height=\"4000\" data-id=\"1664\"  src=\"https:\/\/old-dynabrain.cnc.uc.pt\/wp-content\/uploads\/2023\/02\/DSC_7478.jpg\" alt=\"\" class=\"wp-image-1664\"\/><\/figure>\n\n\n\n<figure class=\"wp-block-image size-large\"><img loading=\"lazy\" width=\"6000\" height=\"4000\" data-id=\"1665\"  src=\"https:\/\/old-dynabrain.cnc.uc.pt\/wp-content\/uploads\/2023\/02\/DSC_7480.jpg\" alt=\"\" class=\"wp-image-1665\"\/><\/figure>\n\n\n\n<figure class=\"wp-block-image size-large\"><img loading=\"lazy\" width=\"6000\" height=\"4000\" data-id=\"1666\"  src=\"https:\/\/old-dynabrain.cnc.uc.pt\/wp-content\/uploads\/2023\/02\/DSC_7483.jpg\" alt=\"\" class=\"wp-image-1666\"\/><\/figure>\n\n\n\n<figure class=\"wp-block-image size-large\"><img loading=\"lazy\" width=\"6000\" height=\"4000\" data-id=\"1667\"  src=\"https:\/\/old-dynabrain.cnc.uc.pt\/wp-content\/uploads\/2023\/02\/DSC_7484.jpg\" alt=\"\" class=\"wp-image-1667\"\/><\/figure>\n<figcaption class=\"blocks-gallery-caption\">Top left and top center &#8211; Cristina M\u00e1rquez presenting &#8220;Better alone than in bad company?&#8221; to the public. Top right and bottom &#8211; cooperation game competition with volunteers from the public.<\/figcaption><\/figure>\n\n\n\n<div style=\"height:100px\" aria-hidden=\"true\" class=\"wp-block-spacer\"><\/div>\n\n\n\n<p><\/p>\n","protected":false},"excerpt":{"rendered":"<p>What would you like to know about the brain? Past session: June 5th at UC-Biotech a SciComm project aimed at developing a graphic novel on the Challenges on Brain Research by DYNABrain Team members together with CNC&#8217;s SciComm team Sara Amaral and Rita F\u00e9lix, in collaboration with Escola B\u00e1sica Marqu\u00eas de Marialva NEUROCURIOS@S:What would you &hellip; <\/p>\n<p class=\"link-more\"><a href=\"https:\/\/old-dynabrain.cnc.uc.pt\/?page_id=1573\" class=\"more-link\">Read more<span class=\"screen-reader-text\"> &#8220;OUTREACH&#8221;<\/span><\/a><\/p>\n","protected":false},"author":1,"featured_media":0,"parent":0,"menu_order":0,"comment_status":"closed","ping_status":"closed","template":"","meta":{"_mi_skip_tracking":false,"_monsterinsights_sitenote_active":false,"_monsterinsights_sitenote_note":"","_monsterinsights_sitenote_category":0},"_links":{"self":[{"href":"https:\/\/old-dynabrain.cnc.uc.pt\/index.php?rest_route=\/wp\/v2\/pages\/1573"}],"collection":[{"href":"https:\/\/old-dynabrain.cnc.uc.pt\/index.php?rest_route=\/wp\/v2\/pages"}],"about":[{"href":"https:\/\/old-dynabrain.cnc.uc.pt\/index.php?rest_route=\/wp\/v2\/types\/page"}],"author":[{"embeddable":true,"href":"https:\/\/old-dynabrain.cnc.uc.pt\/index.php?rest_route=\/wp\/v2\/users\/1"}],"replies":[{"embeddable":true,"href":"https:\/\/old-dynabrain.cnc.uc.pt\/index.php?rest_route=%2Fwp%2Fv2%2Fcomments&post=1573"}],"version-history":[{"count":75,"href":"https:\/\/old-dynabrain.cnc.uc.pt\/index.php?rest_route=\/wp\/v2\/pages\/1573\/revisions"}],"predecessor-version":[{"id":2481,"href":"https:\/\/old-dynabrain.cnc.uc.pt\/index.php?rest_route=\/wp\/v2\/pages\/1573\/revisions\/2481"}],"wp:attachment":[{"href":"https:\/\/old-dynabrain.cnc.uc.pt\/index.php?rest_route=%2Fwp%2Fv2%2Fmedia&parent=1573"}],"curies":[{"name":"wp","href":"https:\/\/api.w.org\/{rel}","templated":true}]}}